{"id":2,"date":"2025-07-25T14:21:54","date_gmt":"2025-07-25T14:21:54","guid":{"rendered":"https:\/\/fundacionelmensajero.com\/?page_id=2"},"modified":"2025-11-02T19:13:16","modified_gmt":"2025-11-02T23:13:16","slug":"news","status":"publish","type":"page","link":"https:\/\/fundacionelmensajero.com\/?page_id=2","title":{"rendered":"NOTICIAS"},"content":{"rendered":"\n<div class=\"wp-block-columns is-layout-flex wp-container-core-columns-is-layout-9d6595d7 wp-block-columns-is-layout-flex\">\n<div class=\"wp-block-column is-layout-flow wp-block-column-is-layout-flow\" style=\"flex-basis:66.66%\"><div class='pt-cv-wrapper'> <div class=\"pt-cv-view pt-cv-timeline iscvblock iscvreal timeline layout1\" id=\"pt-cv-view-p9dw9btu\"><div class=\"tl-spine\"><a href=\"#\"><\/a><\/div>\n<div class=\"tl-items\">\n<div class=\"tl-item pt-left\"><div class=\"tl-item-content\"><i class=\"tl-pointer\"><\/i><div class=\" pt-cv-content-item pt-cv-1-col\"  data-pid=\"47\"><div class=\"pt-cv-thumb-wrapper  \"><a href=\"https:\/\/fundacionelmensajero.com\/?p=47\" class=\"_self pt-cv-href-thumbnail pt-cv-thumb-default\" target=\"_self\" ><img loading=\"lazy\" decoding=\"async\" width=\"768\" height=\"576\" src=\"https:\/\/fundacionelmensajero.com\/wp-content\/uploads\/2025\/09\/IMG-20240827-WA0055-768x576.webp\" class=\"pt-cv-thumbnail\" alt=\"Concurso de Talentos en la Iglesia Bethel: J\u00f3venes de Proyectos BO 804 Brillan con sus Habilidades en Chane Independencias\" \/><\/a><\/div>\n<div class=\"pt-cv-meta-fields\"><span class=\"entry-date\"> <time datetime=\"2024-08-24T11:57:00-04:00\">24 de agosto de 2024<\/time><\/span><\/div>\n<h4 class=\"pt-cv-title\"><a href=\"https:\/\/fundacionelmensajero.com\/?p=47\" class=\"_self\" target=\"_self\" >Concurso de Talentos en la Iglesia Bethel: J\u00f3venes de Proyectos BO 804 Brillan con sus Habilidades en Chane Independencias<\/a><\/h4>\n<div class=\"pt-cv-content\">Este s\u00e1bado 24 de agosto de\u00a0 2024, la Iglesia Bethel en la localidad de Chane Independencias fue escenario de un &#8230;<\/div>\n<div class=\"pt-cv-rmwrap\"><a href=\"https:\/\/fundacionelmensajero.com\/?p=47\" class=\"_self pt-cv-readmore btn btn-success\" target=\"_self\" >Leer M\u00e1s<\/a><\/div><\/div><\/div><\/div>\n<div class=\"tl-item pt-right\"><div class=\"tl-item-content\"><i class=\"tl-pointer\"><\/i><div class=\" pt-cv-content-item pt-cv-1-col\"  data-pid=\"26\"><div class=\"pt-cv-thumb-wrapper  \"><a href=\"https:\/\/fundacionelmensajero.com\/?p=26\" class=\"_self pt-cv-href-thumbnail pt-cv-thumb-default\" target=\"_self\" ><img loading=\"lazy\" decoding=\"async\" width=\"768\" height=\"512\" src=\"https:\/\/fundacionelmensajero.com\/wp-content\/uploads\/2025\/09\/451707816_513807644644859_1547978590743957527_n-768x512.webp\" class=\"pt-cv-thumbnail\" alt=\"Ni\u00f1os de Fundaci\u00f3n el Mensajero participaron de Campamento Infantil\" \/><\/a><\/div>\n<div class=\"pt-cv-meta-fields\"><span class=\"entry-date\"> <time datetime=\"2024-07-12T11:18:00-04:00\">12 de julio de 2024<\/time><\/span><\/div>\n<h4 class=\"pt-cv-title\"><a href=\"https:\/\/fundacionelmensajero.com\/?p=26\" class=\"_self\" target=\"_self\" >Ni\u00f1os de Fundaci\u00f3n el Mensajero participaron de Campamento Infantil<\/a><\/h4>\n<div class=\"pt-cv-content\">Del 8 al 11 de julio de 2024, 45 ni\u00f1os de entre 6 y 11 a\u00f1os, participantes de la Fundaci\u00f3n &#8230;<\/div>\n<div class=\"pt-cv-rmwrap\"><a href=\"https:\/\/fundacionelmensajero.com\/?p=26\" class=\"_self pt-cv-readmore btn btn-success\" target=\"_self\" >Leer M\u00e1s<\/a><\/div><\/div><\/div><\/div>\n<div class=\"tl-item pt-left\"><div class=\"tl-item-content\"><i class=\"tl-pointer\"><\/i><div class=\" pt-cv-content-item pt-cv-1-col\"  data-pid=\"37\"><div class=\"pt-cv-thumb-wrapper  \"><a href=\"https:\/\/fundacionelmensajero.com\/?p=37\" class=\"_self pt-cv-href-thumbnail pt-cv-thumb-default\" target=\"_self\" ><img loading=\"lazy\" decoding=\"async\" width=\"667\" height=\"500\" src=\"https:\/\/fundacionelmensajero.com\/wp-content\/uploads\/2025\/09\/IMG-20240616-WA0090-edited.webp\" class=\"pt-cv-thumbnail\" alt=\"Olimpiadas B\u00edblicas en Minero: J\u00f3venes de la Fundaci\u00f3n el Mensajero, Destacan en Competencia de Conocimiento\" \/><\/a><\/div>\n<div class=\"pt-cv-meta-fields\"><span class=\"entry-date\"> <time datetime=\"2024-06-16T00:46:00-04:00\">16 de junio de 2024<\/time><\/span><\/div>\n<h4 class=\"pt-cv-title\"><a href=\"https:\/\/fundacionelmensajero.com\/?p=37\" class=\"_self\" target=\"_self\" >Olimpiadas B\u00edblicas en Minero: J\u00f3venes de la Fundaci\u00f3n el Mensajero, Destacan en Competencia de Conocimiento<\/a><\/h4>\n<div class=\"pt-cv-content\">Este s\u00e1bado 15 de junio de 2024 se llevaron a cabo las Olimpiadas B\u00edblicas en la ciudad de Minero, donde &#8230;<\/div>\n<div class=\"pt-cv-rmwrap\"><a href=\"https:\/\/fundacionelmensajero.com\/?p=37\" class=\"_self pt-cv-readmore btn btn-success\" target=\"_self\" >Leer M\u00e1s<\/a><\/div><\/div><\/div><\/div>\n<div class=\"tl-item pt-right\"><div class=\"tl-item-content\"><i class=\"tl-pointer\"><\/i><div class=\" pt-cv-content-item pt-cv-1-col\"  data-pid=\"92\"><div class=\"pt-cv-thumb-wrapper  \"><a href=\"https:\/\/fundacionelmensajero.com\/?p=92\" class=\"_self pt-cv-href-thumbnail pt-cv-thumb-default\" target=\"_self\" ><img decoding=\"async\" src=\"https:\/\/fundacionelmensajero.com\/wp-content\/uploads\/2025\/09\/roooss.webp\" class=\"pt-cv-thumbnail cvp-substitute\" alt=\"La Fundaci\u00f3n El Mensajero celebra con \u00e9xito la Feria de Billetes en el CDI BO \u2013 804\" title=\"\" \/><\/a><\/div>\n<div class=\"pt-cv-meta-fields\"><span class=\"entry-date\"> <time datetime=\"2024-05-31T04:36:00-04:00\">31 de mayo de 2024<\/time><\/span><\/div>\n<h4 class=\"pt-cv-title\"><a href=\"https:\/\/fundacionelmensajero.com\/?p=92\" class=\"_self\" target=\"_self\" >La Fundaci\u00f3n El Mensajero celebra con \u00e9xito la Feria de Billetes en el CDI BO \u2013 804<\/a><\/h4>\n<div class=\"pt-cv-content\">El pasado 31 de mayo, la Fundaci\u00f3n El Mensajero llev\u00f3 a cabo con gran entusiasmo la Feria de Billetes destinada &#8230;<\/div>\n<div class=\"pt-cv-rmwrap\"><a href=\"https:\/\/fundacionelmensajero.com\/?p=92\" class=\"_self pt-cv-readmore btn btn-success\" target=\"_self\" >Leer M\u00e1s<\/a><\/div><\/div><\/div><\/div>\n<\/div><\/div> <\/div> <style>\n\n#pt-cv-view-p9dw9btu .pt-cv-meta-fields {  }#pt-cv-view-p9dw9btu .pt-cv-meta-fields * { font-size: 13px; }#pt-cv-view-p9dw9btu .pt-cv-title a { display: block; }#pt-cv-view-p9dw9btu .pt-cv-title:not(.pt-cv-titlesm) a { font-weight: 600;text-decoration: none;font-size: 20px; }#pt-cv-view-p9dw9btu .pt-cv-titlesm a { font-weight: 600;font-size: 18px; }#pt-cv-view-p9dw9btu .pt-cv-content { font-size: 15px; }#pt-cv-view-p9dw9btu .pt-cv-rmwrap {  }#pt-cv-view-p9dw9btu .pt-cv-readmore { color: #fff;background-color: #0075ff;font-size: 14px; }#pt-cv-view-p9dw9btu .pt-cv-taxoterm {  }#pt-cv-view-p9dw9btu .pt-cv-taxoterm * { color: #222;background-color: #fff6f6;font-size: 14px; }#pt-cv-view-p9dw9btu + .pt-cv-pagination-wrapper {  }#pt-cv-view-p9dw9btu + .pt-cv-pagination-wrapper a { font-size: 14px; }\n@media all and (max-width: 1024px) { \n\n} \n@media all and (max-width: 767px) { \n\n} <\/style><\/div>\n\n\n\n<div class=\"wp-block-column is-layout-flow wp-block-column-is-layout-flow\" style=\"flex-basis:33.33%\">\n<div class=\"fundacion-donacion-widget\">\n    <div class=\"fundacion-card\">\n        <div class=\"fundacion-header\" style=\"background: linear-gradient(135deg, #f7f7fa 0%, #fcfcfc 100%); padding: 20px; color: #225e7a; text-align: center;\">\n            <div class=\"fundacion-logo-container\" style=\"margin-bottom: 15px;\">\n                <img decoding=\"async\" src=\"https:\/\/fundacionelmensajero.com\/wp-content\/uploads\/2025\/07\/cropped-icono-scaled-1.png\" alt=\"Logo Fundaci\u00f3n El Mensajero\" style=\"height: 70px; width: auto;\">\n            <\/div>\n            <h3 style=\"margin: 10px 0; font-size: 22px; font-weight: 700;\">Transforma Vidas con tu Donaci\u00f3n<\/h3>\n            <p style=\"font-size: 15px; opacity: 0.9; margin: 0 auto; max-width: 320px;\">Tu apoyo hace posible nuestros programas de desarrollo integral<\/p>\n        <\/div>\n        \n        <div class=\"fundacion-content\" style=\"padding: 25px; background: #f8fafc;\">\n            <div class=\"fundacion-stats\" style=\"display: flex; justify-content: space-around; margin-bottom: 20px;\">\n                <div class=\"stat\" style=\"text-align: center;\">\n                    <div class=\"stat-number\" style=\"font-size: 20px; font-weight: 700; color: #fa3802;\">460+<\/div>\n                    <div class=\"stat-label\" style=\"font-size: 12px; color: #4a6572; margin-top: 5px;\">Participantes<\/div>\n                <\/div>\n                <div class=\"stat\" style=\"text-align: center;\">\n                    <div class=\"stat-number\" style=\"font-size: 20px; font-weight: 700; color: #fa3802;\">6<\/div>\n                    <div class=\"stat-label\" style=\"font-size: 12px; color: #4a6572; margin-top: 5px;\">Programas activos<\/div>\n                <\/div>\n            <\/div>\n            \n            <a href=\"https:\/\/fundacionelmensajero.com\/?page_id=84\" class=\"fundacion-donate-btn\" style=\"display: block; background: linear-gradient(135deg, #FF5722 0%, #E64A19 100%); color: white; padding: 16px 20px; font-size: 22px; font-weight: 800; text-decoration: none; border-radius: 50px; text-align: center; box-shadow: 0 5px 15px rgba(230, 74, 25, 0.4); transition: all 0.3s ease; margin: 15px 0;\">\n                <span style=\"font-size: 26px; vertical-align: middle; animation: pulse 1.5s infinite; display: inline-block;\"><img decoding=\"async\" draggable=\"false\" role=\"img\" class=\"emoji\" alt=\"\u2764\ufe0f\" src=\"https:\/\/s.w.org\/images\/core\/emoji\/16.0.1\/svg\/2764.svg\"><\/span>\n                <span style=\"vertical-align: middle;\">DONAR<\/span>\n            <\/a>\n            \n            <div class=\"fundacion-security\" style=\"display: flex; align-items: center; justify-content: center; font-size: 13px; color: #4a6572; margin-top: 15px;\">\n                <span style=\"display: inline-block; margin-right: 8px; color: #4CAF50;\"><img decoding=\"async\" draggable=\"false\" role=\"img\" class=\"emoji\" alt=\"\ud83d\udd12\" src=\"https:\/\/s.w.org\/images\/core\/emoji\/16.0.1\/svg\/1f512.svg\"><\/span>\n                <span>Donaci\u00f3n segura y encriptada<\/span>\n            <\/div>\n            \n            <div class=\"fundacion-payments\" style=\"margin-top: 20px; padding-top: 15px; border-top: 1px solid #e2e8f0;\">\n                <p style=\"font-size: 13px; color: #4a6572; margin-bottom: 10px; text-align: center;\">Aceptamos todos los m\u00e9todos de pago<\/p>\n                <div class=\"payment-icons\" style=\"display: flex; justify-content: center; gap: 12px; font-size: 20px; color: #556977;\">\n                    <span><img decoding=\"async\" draggable=\"false\" role=\"img\" class=\"emoji\" alt=\"\ud83d\udcb3\" src=\"https:\/\/s.w.org\/images\/core\/emoji\/16.0.1\/svg\/1f4b3.svg\"><\/span>\n                    <span><img decoding=\"async\" draggable=\"false\" role=\"img\" class=\"emoji\" alt=\"\ud83d\udcf1\" src=\"https:\/\/s.w.org\/images\/core\/emoji\/16.0.1\/svg\/1f4f1.svg\"><\/span>\n                    <span><img decoding=\"async\" draggable=\"false\" role=\"img\" class=\"emoji\" alt=\"\ud83c\udfe6\" src=\"https:\/\/s.w.org\/images\/core\/emoji\/16.0.1\/svg\/1f3e6.svg\"><\/span>\n                <\/div>\n            <\/div>\n        <\/div>\n        \n        <div class=\"fundacion-footer\" style=\"background: #f1f5f9; padding: 12px; font-size: 11px; color: #4a6572; text-align: center; border-top: 1px solid #e2e8f0;\">\n            Fundaci\u00f3n El Mensajero \u00b7 Transformando vidas a trav\u00e9s de la fe\n        <\/div>\n    <\/div>\n    \n    <style>\n        .fundacion-donate-btn:hover {\n            transform: scale(1.03);\n            box-shadow: 0 7px 18px rgba(230, 74, 25, 0.5);\n        }\n        \n        @keyframes pulse {\n            0% { transform: scale(1); }\n            50% { transform: scale(1.1); }\n            100% { transform: scale(1); }\n        }\n        \n        .fundacion-donacion-widget {\n            font-family: -apple-system, BlinkMacSystemFont, 'Segoe UI', Roboto, Oxygen, Ubuntu, Cantarell, 'Open Sans', 'Helvetica Neue', sans-serif;\n            max-width: 350px;\n            margin: 0 auto;\n            border-radius: 15px;\n            overflow: hidden;\n            box-shadow: 0 5px 15px rgba(0, 0, 0, 0.1);\n        }\n    <\/style>\n<\/div>\n\n\n\n<style>\n.compassion-widget {\n    font-family: 'Arial', sans-serif;\n    max-width: 350px;\n    margin: 0 auto;\n    border-radius: 12px;\n    overflow: hidden;\n    box-shadow: 0 5px 15px rgba(0,0,0,0.1);\n    background: white;\n    text-align: center;\n    transition: transform 0.3s ease;\n}\n\n.compassion-widget:hover {\n    transform: translateY(-5px);\n}\n\n.compassion-header {\n    background: linear-gradient(135deg, #FF6B35, #F7931E);\n    padding: 20px 15px;\n    color: white;\n}\n\n.compassion-header h3 {\n    margin: 0;\n    font-size: 22px;\n    font-weight: bold;\n    text-shadow: 1px 1px 2px rgba(0,0,0,0.2);\n}\n\n\/* Estilos del slider *\/\n.compassion-slider {\n    position: relative;\n    height: 200px;\n    overflow: hidden;\n}\n\n.slides-container {\n    display: flex;\n    width: 300%;\n    height: 100%;\n    animation: slide 15s infinite;\n}\n\n.slide {\n    width: 33.333%;\n    height: 100%;\n    background-size: cover;\n    background-position: center;\n}\n\n.slide-1 {\n    background-image: url('https:\/\/fundacionelmensajero.com\/wp-content\/uploads\/2025\/11\/1-2.webp');\n}\n\n.slide-2 {\n    background-image: url('https:\/\/fundacionelmensajero.com\/wp-content\/uploads\/2025\/11\/2-2.webp');\n}\n\n.slide-3 {\n    background-image: url('https:\/\/fundacionelmensajero.com\/wp-content\/uploads\/2025\/11\/3-2.webp');\n}\n\n.slider-overlay {\n    position: absolute;\n    bottom: 0;\n    left: 0;\n    right: 0;\n    background: linear-gradient(transparent, rgba(0,0,0,0.7));\n    color: white;\n    padding: 15px 10px 10px;\n    text-shadow: 1px 1px 3px rgba(0,0,0,0.7);\n}\n\n@keyframes slide {\n    0%, 25% { transform: translateX(0); }\n    33%, 58% { transform: translateX(-33.333%); }\n    66%, 91% { transform: translateX(-66.666%); }\n    100% { transform: translateX(0); }\n}\n\n.compassion-content {\n    padding: 20px 15px;\n    color: #555;\n    line-height: 1.5;\n    background: #f9f9f9;\n}\n\n.compassion-content p {\n    margin: 0 0 15px 0;\n    font-size: 14px;\n}\n\n.compassion-btn {\n    display: inline-block;\n    padding: 12px 25px;\n    background: linear-gradient(135deg, #FF6B35, #F7931E);\n    color: white;\n    text-decoration: none;\n    font-size: 16px;\n    font-weight: bold;\n    border-radius: 50px;\n    box-shadow: 0 4px 10px rgba(247, 147, 30, 0.4);\n    transition: all 0.3s ease;\n    text-transform: uppercase;\n    letter-spacing: 1px;\n}\n\n.compassion-btn:hover {\n    transform: translateY(-2px);\n    box-shadow: 0 6px 15px rgba(247, 147, 30, 0.6);\n    background: linear-gradient(135deg, #F7931E, #FF6B35);\n    color: white;\n    text-decoration: none;\n}\n\n.compassion-footer {\n    padding: 10px 15px;\n    font-size: 11px;\n    color: #888;\n    background: #f0f0f0;\n    border-top: 1px solid #e0e0e0;\n}\n<\/style>\n\n<div class=\"compassion-widget\">\n    <div class=\"compassion-header\">\n        <h3>Apadrina un Ni\u00f1o<\/h3>\n    <\/div>\n    \n    <div class=\"compassion-slider\">\n        <div class=\"slides-container\">\n            <div class=\"slide slide-1\"><\/div>\n            <div class=\"slide slide-2\"><\/div>\n            <div class=\"slide slide-3\"><\/div>\n        <\/div>\n        <div class=\"slider-overlay\">\n            <p>Cambia una vida hoy<\/p>\n        <\/div>\n    <\/div>\n    \n    <div class=\"compassion-content\">\n        <p>Tu apoyo puede transformar la vida de un ni\u00f1o en situaci\u00f3n de vulnerabilidad en Bolivia. Proporciona educaci\u00f3n, alimentaci\u00f3n y esperanza para un futuro mejor.<\/p>\n        \n        <a href=\"https:\/\/www.compassion.com\/sponsor_a_child\/child-search-results.htm?CountryFilter=Bolivia&#038;AreaFilter=South%20America&#038;ProjectKeyFilter=BO0804&#038;AgeMinFilter=1&#038;AgeMaxFilter=22&#038;HvcMismatch=false&#038;NumberRequested=24&#038;CurrentPage=1&#038;SortOrder=0&#038;BirthdayTodayFilter=false\" \n           class=\"compassion-btn\" \n           target=\"_blank\">\n            Apadrina Ahora\n        <\/a>\n    <\/div>\n    \n    <div class=\"compassion-footer\">\n        Compassion International \u2022 M\u00e1s de 2 millones de ni\u00f1os ayudados\n    <\/div>\n<\/div>\n<\/div>\n<\/div>\n","protected":false},"excerpt":{"rendered":"<p>Transforma Vidas con tu Donaci\u00f3n Tu apoyo hace posible nuestros programas de desarrollo integral 460+ Participantes 6 Programas activos DONAR Donaci\u00f3n segura y encriptada Aceptamos todos los m\u00e9todos de pago Fundaci\u00f3n El Mensajero \u00b7 Transformando vidas a trav\u00e9s de la fe Apadrina un Ni\u00f1o Cambia una vida hoy Tu apoyo puede transformar la vida de [&hellip;]<\/p>\n","protected":false},"author":1,"featured_media":0,"parent":0,"menu_order":0,"comment_status":"closed","ping_status":"closed","template":"","meta":{"give_campaign_id":0,"footnotes":""},"class_list":["post-2","page","type-page","status-publish","hentry"],"yoast_head":"<!-- This site is optimized with the Yoast SEO plugin v27.0 - https:\/\/yoast.com\/product\/yoast-seo-wordpress\/ -->\n<title>NOTICIAS<\/title>\n<meta name=\"robots\" content=\"index, follow, max-snippet:-1, max-image-preview:large, max-video-preview:-1\" \/>\n<link rel=\"canonical\" href=\"https:\/\/fundacionelmensajero.com\/?page_id=2\" \/>\n<meta property=\"og:locale\" content=\"es_ES\" \/>\n<meta property=\"og:type\" content=\"article\" \/>\n<meta property=\"og:title\" content=\"NOTICIAS\" \/>\n<meta property=\"og:description\" content=\"Transforma Vidas con tu Donaci\u00f3n Tu apoyo hace posible nuestros programas de desarrollo integral 460+ Participantes 6 Programas activos DONAR Donaci\u00f3n segura y encriptada Aceptamos todos los m\u00e9todos de pago Fundaci\u00f3n El Mensajero \u00b7 Transformando vidas a trav\u00e9s de la fe Apadrina un Ni\u00f1o Cambia una vida hoy Tu apoyo puede transformar la vida de [&hellip;]\" \/>\n<meta property=\"og:url\" content=\"https:\/\/fundacionelmensajero.com\/?page_id=2\" \/>\n<meta property=\"og:site_name\" content=\"Fundaci\u00f3n El Mensajero\" \/>\n<meta property=\"article:modified_time\" content=\"2025-11-02T23:13:16+00:00\" \/>\n<meta property=\"og:image\" content=\"https:\/\/fundacionelmensajero.com\/wp-content\/uploads\/2025\/07\/cropped-icono-scaled-1.png\" \/>\n<meta name=\"twitter:card\" content=\"summary_large_image\" \/>\n<meta name=\"twitter:label1\" content=\"Tiempo de lectura\" \/>\n\t<meta name=\"twitter:data1\" content=\"2 minutos\" \/>\n<script type=\"application\/ld+json\" class=\"yoast-schema-graph\">{\"@context\":\"https:\/\/schema.org\",\"@graph\":[{\"@type\":\"WebPage\",\"@id\":\"https:\/\/fundacionelmensajero.com\/?page_id=2\",\"url\":\"https:\/\/fundacionelmensajero.com\/?page_id=2\",\"name\":\"NOTICIAS\",\"isPartOf\":{\"@id\":\"https:\/\/fundacionelmensajero.com\/#website\"},\"primaryImageOfPage\":{\"@id\":\"https:\/\/fundacionelmensajero.com\/?page_id=2#primaryimage\"},\"image\":{\"@id\":\"https:\/\/fundacionelmensajero.com\/?page_id=2#primaryimage\"},\"thumbnailUrl\":\"https:\/\/fundacionelmensajero.com\/wp-content\/uploads\/2025\/07\/cropped-icono-scaled-1.png\",\"datePublished\":\"2025-07-25T14:21:54+00:00\",\"dateModified\":\"2025-11-02T23:13:16+00:00\",\"breadcrumb\":{\"@id\":\"https:\/\/fundacionelmensajero.com\/?page_id=2#breadcrumb\"},\"inLanguage\":\"es\",\"potentialAction\":[{\"@type\":\"ReadAction\",\"target\":[\"https:\/\/fundacionelmensajero.com\/?page_id=2\"]}]},{\"@type\":\"ImageObject\",\"inLanguage\":\"es\",\"@id\":\"https:\/\/fundacionelmensajero.com\/?page_id=2#primaryimage\",\"url\":\"https:\/\/fundacionelmensajero.com\/wp-content\/uploads\/2025\/07\/cropped-icono-scaled-1.png\",\"contentUrl\":\"https:\/\/fundacionelmensajero.com\/wp-content\/uploads\/2025\/07\/cropped-icono-scaled-1.png\",\"width\":512,\"height\":512},{\"@type\":\"BreadcrumbList\",\"@id\":\"https:\/\/fundacionelmensajero.com\/?page_id=2#breadcrumb\",\"itemListElement\":[{\"@type\":\"ListItem\",\"position\":1,\"name\":\"Portada\",\"item\":\"https:\/\/fundacionelmensajero.com\/\"},{\"@type\":\"ListItem\",\"position\":2,\"name\":\"NOTICIAS\"}]},{\"@type\":\"WebSite\",\"@id\":\"https:\/\/fundacionelmensajero.com\/#website\",\"url\":\"https:\/\/fundacionelmensajero.com\/\",\"name\":\"Fundaci\u00f3n El Mensajero\",\"description\":\"\",\"publisher\":{\"@id\":\"https:\/\/fundacionelmensajero.com\/#organization\"},\"potentialAction\":[{\"@type\":\"SearchAction\",\"target\":{\"@type\":\"EntryPoint\",\"urlTemplate\":\"https:\/\/fundacionelmensajero.com\/?s={search_term_string}\"},\"query-input\":{\"@type\":\"PropertyValueSpecification\",\"valueRequired\":true,\"valueName\":\"search_term_string\"}}],\"inLanguage\":\"es\"},{\"@type\":\"Organization\",\"@id\":\"https:\/\/fundacionelmensajero.com\/#organization\",\"name\":\"Fundaci\u00f3n El Mensajero\",\"url\":\"https:\/\/fundacionelmensajero.com\/\",\"logo\":{\"@type\":\"ImageObject\",\"inLanguage\":\"es\",\"@id\":\"https:\/\/fundacionelmensajero.com\/#\/schema\/logo\/image\/\",\"url\":\"https:\/\/fundacionelmensajero.com\/wp-content\/uploads\/2025\/10\/logo-scaled.png\",\"contentUrl\":\"https:\/\/fundacionelmensajero.com\/wp-content\/uploads\/2025\/10\/logo-scaled.png\",\"width\":2560,\"height\":830,\"caption\":\"Fundaci\u00f3n El Mensajero\"},\"image\":{\"@id\":\"https:\/\/fundacionelmensajero.com\/#\/schema\/logo\/image\/\"},\"sameAs\":[\"https:\/\/www.youtube.com\/@FundacinElMensajero-f1c\"]}]}<\/script>\n<!-- \/ Yoast SEO plugin. -->","yoast_head_json":{"title":"NOTICIAS","robots":{"index":"index","follow":"follow","max-snippet":"max-snippet:-1","max-image-preview":"max-image-preview:large","max-video-preview":"max-video-preview:-1"},"canonical":"https:\/\/fundacionelmensajero.com\/?page_id=2","og_locale":"es_ES","og_type":"article","og_title":"NOTICIAS","og_description":"Transforma Vidas con tu Donaci\u00f3n Tu apoyo hace posible nuestros programas de desarrollo integral 460+ Participantes 6 Programas activos DONAR Donaci\u00f3n segura y encriptada Aceptamos todos los m\u00e9todos de pago Fundaci\u00f3n El Mensajero \u00b7 Transformando vidas a trav\u00e9s de la fe Apadrina un Ni\u00f1o Cambia una vida hoy Tu apoyo puede transformar la vida de [&hellip;]","og_url":"https:\/\/fundacionelmensajero.com\/?page_id=2","og_site_name":"Fundaci\u00f3n El Mensajero","article_modified_time":"2025-11-02T23:13:16+00:00","og_image":[{"url":"https:\/\/fundacionelmensajero.com\/wp-content\/uploads\/2025\/07\/cropped-icono-scaled-1.png","type":"","width":"","height":""}],"twitter_card":"summary_large_image","twitter_misc":{"Tiempo de lectura":"2 minutos"},"schema":{"@context":"https:\/\/schema.org","@graph":[{"@type":"WebPage","@id":"https:\/\/fundacionelmensajero.com\/?page_id=2","url":"https:\/\/fundacionelmensajero.com\/?page_id=2","name":"NOTICIAS","isPartOf":{"@id":"https:\/\/fundacionelmensajero.com\/#website"},"primaryImageOfPage":{"@id":"https:\/\/fundacionelmensajero.com\/?page_id=2#primaryimage"},"image":{"@id":"https:\/\/fundacionelmensajero.com\/?page_id=2#primaryimage"},"thumbnailUrl":"https:\/\/fundacionelmensajero.com\/wp-content\/uploads\/2025\/07\/cropped-icono-scaled-1.png","datePublished":"2025-07-25T14:21:54+00:00","dateModified":"2025-11-02T23:13:16+00:00","breadcrumb":{"@id":"https:\/\/fundacionelmensajero.com\/?page_id=2#breadcrumb"},"inLanguage":"es","potentialAction":[{"@type":"ReadAction","target":["https:\/\/fundacionelmensajero.com\/?page_id=2"]}]},{"@type":"ImageObject","inLanguage":"es","@id":"https:\/\/fundacionelmensajero.com\/?page_id=2#primaryimage","url":"https:\/\/fundacionelmensajero.com\/wp-content\/uploads\/2025\/07\/cropped-icono-scaled-1.png","contentUrl":"https:\/\/fundacionelmensajero.com\/wp-content\/uploads\/2025\/07\/cropped-icono-scaled-1.png","width":512,"height":512},{"@type":"BreadcrumbList","@id":"https:\/\/fundacionelmensajero.com\/?page_id=2#breadcrumb","itemListElement":[{"@type":"ListItem","position":1,"name":"Portada","item":"https:\/\/fundacionelmensajero.com\/"},{"@type":"ListItem","position":2,"name":"NOTICIAS"}]},{"@type":"WebSite","@id":"https:\/\/fundacionelmensajero.com\/#website","url":"https:\/\/fundacionelmensajero.com\/","name":"Fundaci\u00f3n El Mensajero","description":"","publisher":{"@id":"https:\/\/fundacionelmensajero.com\/#organization"},"potentialAction":[{"@type":"SearchAction","target":{"@type":"EntryPoint","urlTemplate":"https:\/\/fundacionelmensajero.com\/?s={search_term_string}"},"query-input":{"@type":"PropertyValueSpecification","valueRequired":true,"valueName":"search_term_string"}}],"inLanguage":"es"},{"@type":"Organization","@id":"https:\/\/fundacionelmensajero.com\/#organization","name":"Fundaci\u00f3n El Mensajero","url":"https:\/\/fundacionelmensajero.com\/","logo":{"@type":"ImageObject","inLanguage":"es","@id":"https:\/\/fundacionelmensajero.com\/#\/schema\/logo\/image\/","url":"https:\/\/fundacionelmensajero.com\/wp-content\/uploads\/2025\/10\/logo-scaled.png","contentUrl":"https:\/\/fundacionelmensajero.com\/wp-content\/uploads\/2025\/10\/logo-scaled.png","width":2560,"height":830,"caption":"Fundaci\u00f3n El Mensajero"},"image":{"@id":"https:\/\/fundacionelmensajero.com\/#\/schema\/logo\/image\/"},"sameAs":["https:\/\/www.youtube.com\/@FundacinElMensajero-f1c"]}]}},"campaignId":"","_links":{"self":[{"href":"https:\/\/fundacionelmensajero.com\/index.php?rest_route=\/wp\/v2\/pages\/2","targetHints":{"allow":["GET"]}}],"collection":[{"href":"https:\/\/fundacionelmensajero.com\/index.php?rest_route=\/wp\/v2\/pages"}],"about":[{"href":"https:\/\/fundacionelmensajero.com\/index.php?rest_route=\/wp\/v2\/types\/page"}],"author":[{"embeddable":true,"href":"https:\/\/fundacionelmensajero.com\/index.php?rest_route=\/wp\/v2\/users\/1"}],"replies":[{"embeddable":true,"href":"https:\/\/fundacionelmensajero.com\/index.php?rest_route=%2Fwp%2Fv2%2Fcomments&post=2"}],"version-history":[{"count":5,"href":"https:\/\/fundacionelmensajero.com\/index.php?rest_route=\/wp\/v2\/pages\/2\/revisions"}],"predecessor-version":[{"id":183,"href":"https:\/\/fundacionelmensajero.com\/index.php?rest_route=\/wp\/v2\/pages\/2\/revisions\/183"}],"wp:attachment":[{"href":"https:\/\/fundacionelmensajero.com\/index.php?rest_route=%2Fwp%2Fv2%2Fmedia&parent=2"}],"curies":[{"name":"wp","href":"https:\/\/api.w.org\/{rel}","templated":true}]}}